/(-26) - (6 + -3 - -3) composite?
False
Let s(h) = -h**3 - 36*h**2 + 78*h + 53. Let b be s(-39). Suppose -35*t + 130479 = b. Is t composite?
True
Let p(l) = l**3 + 10*l - 22*l**2 - 9*l - 15 - 2*l**3 - 32*l. Is p(-22) a prime number?
False
Let m(a) = 2244*a - 216. Let f be m(32). Suppose -f - 22988 = -10*z. Is z composite?
True
Suppose j - 52 = p, -4*j - 4*p + 112 = -136. Suppose -2*z = -5*c - j, 2*c = -5*z - 2*c + 159. Suppose z*w - 35*w + 124 = 0. Is w prime?
True
Suppose 5*k - 5*w - 650 = 0, w = 2*k - 3*w - 258. Let u(o) = -o + 13. Let t be u(9). Suppose -t*j + 9 = -k. Is j a composite number?
True
Let t(m) = -m**2 - 11*m + 33. Let p be t(-15). Let w = 71 + p. Suppose -w = -3*s + 673. Is s composite?
False
Suppose 0 = 6*q - 35 - 145. Suppose 0 = 6*t - 3*t + q. Is 1410/4 + (-5)/t prime?
True
Let f(i) be the second derivative of 5*i**3/6 + 13*i**2/2 - 14*i. Let g be f(-3). Let r(c) = -396*c**3 - 2*c**2 - 2*c - 1. Is r(g) composite?
False
Let q(h) = 61*h**2 - h - 1. Let j be q(-5). Suppose -5*t + 2 + 18 = 5*p, 0 = -5*t - 5. Suppose p*c - j = 3*g, 5*g = -c + g + 315. Is c a composite number?
False
Suppose -8*o = 5*t - 1114437, 24*t - 27*t + 668662 = 5*o. Is t a prime number?
False
Is ((-579)/(-4))/((-276)/(-13616)) prime?
False
Let o(d) = 8*d**2 - 7 + 15*d + d**2 + 3*d**2 + 4 + 5*d**3. Is o(11) composite?
False
Let j = -65735 + 123414. Is j prime?
True
Let j = 30683 + 120. Is j a prime number?
True
Let g(k) = -2*k**2 - 8*k + 7. Let f be g(0). Suppose f*t - 65 - 194 = 0. Is t a prime number?
True
Let s be ((-42)/28)/(6/(-3316)). Suppose i = 2*o + s, 14*i - o = 19*i - 4200. Is i a prime number?
True
Let m(p) = 20*p**2 + 62*p - 23*p**2 + p**3 + 62 + 18*p**2 + 27*p**2. Is m(-38) a prime number?
False
Suppose -15543 = 5*c - s, 8*c - 15531 = 13*c + 3*s. Let b = c - -9251. Is b prime?
True
Is 15 + 20 + -39 + 116733*1 + 2 composite?
False
Let x = 230 + -227. Suppose -3*w - 2*w + 4*o = -67073, x*w + o = 40254. Is w prime?
True
Let w(c) = 3251*c + 5167. Is w(6) prime?
False
Let w be -2 + (3 - 4 - (-90 - 2)). Suppose 0 = 87*p - w*p + 10438. Is p composite?
True
Let z(v) = 269*v - 5. Let o be z(1). Let y = -41 + o. Is y composite?
False
Suppose -2*l + 56 = 4*u, 14 + 22 = 2*u - l. Let d be u + -15 - -1*1961. Suppose 1960 = 4*m - 3*b - b, -2*b = -4*m + d. Is m a composite number?
False
Let c = 3320 - -1291. Let t = c - 2696. Is t a prime number?
False
Is (0 - -111842)*12/((-168)/(-35)) a prime number?
False
Suppose -2*p = -u - 33, 0 = -2*p - 3*u + 8 + 5. Suppose -p*y = -11151 - 107303. Is y a prime number?
True
Let g be ((-384)/(1 + 1))/1. Let u be (6/(-12))/(3/2148). Let x = g - u. Is x composite?
True
Suppose 24*v = 27*v - 30. Suppose -v = -2*s, 3*s + 2083 = n + n. Is n a prime number?
True
Suppose -25*i - 69374 = 1544251. Is i/(-20) + ((-14)/(-8) - 2) a prime number?
False
Let n be (-3 + -4 - 7270)/(3 - 2). Let v = 6950 - n. Is v composite?
True
Suppose 0 = -3*d - 3*w + 12015, 3*w - 18065 = -5*d + 1954. Let p = d - -3493. Is p a composite number?
True
Suppose 5*b + 3*q = 23, -4*b + 20 = 5*q - 3*q. Let h(g) = 44*g - 32. Let u be h(b). Suppose n - u = -65. Is n a composite number?
False
Suppose 15*p - 10*p - 4*s - 4351647 = 0, 0 = -2*p - 3*s + 1740622. Is p a composite number?
False
Let f be -4 - (2 - (14 - 4)) - 2443. Let k = f + 5638. Is k prime?
False
Let t(k) = 2*k + 1. Let w be t(4). Let s(q) = 1746*q + 45. Let j be s(4). Suppose j = w*x - 0*x. Is x a composite number?
True
Is 8191*(44/(-33))/(3/(1071/(-28))) composite?
True
Suppose -m + 4630 = -3*h, m + 73*h = 69*h + 4609. Is m prime?
True
Let f(i) = -i**2 + 14*i - 45. Let s be f(6). Let u be 9 - 13 - s*-3. Let h(w) = 25*w - 14. Is h(u) a prime number?
False
Let w(a) = 32*a**2 + 55*a - 1270. Is w(21) prime?
True
Let t be 447/((3/(-9))/(-1)). Suppose 0 = -j + 2*z + 16, -3*z = 3*j - 0 - 3. Suppose -3*g = j*g - t. Is g composite?
False
Suppose g - 5*q = 10950 - 2275, -g + 8651 = q. Suppose -3*p - 1747 = 3*h - 4*h, 5*h + 5*p - g = 0. Is h composite?
True
Let t = 498621 + -204317. Suppose -49*b + t = -17*b. Is b a prime number?
False
Let d(j) = 3311*j**2 - 90*j - 862. Is d(-11) a composite number?
False
Suppose -s - 5*l = -24, -5*s + 2*l + 9 = -3. Suppose 0*x - 3*x - 8 = -5*f, -s = -x. Suppose f*m = -3*y + 514, 203 = 5*m + y - 434. Is m prime?
True
Suppose 3*n - 2*j - 1763845 = 2*j, 0 = -3*n - 3*j + 1763901. Is n a composite number?
False
Suppose 0*b = 4*b - 16. Suppose -4*l - 4546 = -b*f + l, -5*l + 10 = 0. Is f prime?
False
Let a(r) be the third derivative of r**5/12 - 13*r**4/12 - 2*r**3/3 - 62*r**2. Is a(7) a prime number?
True
Let s(k) = 46*k**2 - 16*k + 3. Let w be s(-9). Let v = w - -1114. Is v a prime number?
True
Suppose -61*u = 22*u - 187331. Let o(k) = -k**2 - 5*k. Let m be o(-4). Suppose u = 4*l + p + 2*p, -p = m*l - 2259. Is l a composite number?
True
Suppose 9*o + 102566 = q - 113595, -o + 216141 = q. Is q a prime number?
False
Let i(v) = 113 + 6*v**2 - v**3 + v**2 - 3*v + 5*v - 8*v**2. Is i(0) composite?
False
Let o = 620 - 616. Suppose 813 = o*p - m - 2*m, 0 = 5*p - 5*m - 1020. Is p prime?
False
Let y be 18973/(-15) + 4/(-30). Let a = 2074 + y. Is a prime?
True
Suppose -113*j + 118*j = 4500. Let i = -199 + 414. Suppose -i = -5*t + j. Is t prime?
True
Is 286/(-39)*(-301110)/20 a composite number?
True
Let v(q) be the first derivative of q**4/2 - 59*q**3/3 + 4*q**2 + 23*q + 16. Is v(30) a prime number?
True
Let a be -510086*(-1)/14 - 46/(-161). Suppose -7408 = -17*t + a. Is t composite?
False
Let z = 3317 + 5801. Let f = -4047 + z. Is f a composite number?
True
Let p be 3/(-27) - 28/(-9). Suppose -p*s = 3*t - 21, 20 = -s + 5*t + 3. Suppose 5*i - s*y = i + 20528, 2*i - y - 10262 = 0. Is i a composite number?
True
Suppose -5*m + 12065 = 2*z, 5*m = -z + 4984 + 1056. Suppose 1364 = 9*w - z. Is w prime?
True
Let x be 1 - (-9)/(-7) - (-1296)/126. Let t(f) = 3*f**3 - 13*f**2 - 10*f - 14. Let n be t(x). Let y = n - 27. Is y a composite number?
False
Suppose -4*u + 0*u = 60. Let f be 24/u - (-14)/(-35). Is (2 + f)*-1 - -373 a prime number?
True
Suppose -30 = 6*n - 12*n. Suppose -3*w - w + 4 = -4*k, -2*k + 33 = n*w. Suppose 2*i + 1065 = w*i. Is i a prime number?
False
Suppose -8*f - 80 = -12*f. Let y(z) = 5*z - 28. Let o be y(f). Is (-6)/27 + 14012/o*2 a prime number?
True
Let s = 28 - 30. Let i be (-5 - (-112)/20)*10/s. Is (-2)/i - (-13321)/21 composite?
True
Let l be ((-10)/(-5))/(1 + (-94)/92). Let k = l - -539. Is k prime?
False
Is 81/(-297) - 1364584/(-44) prime?
True
Suppose -5*z + 32 - 7 = 0. Let w(o) = 5*o + 33. Is w(z) composite?
True
Is 82833*(371/84 - 3/4) a prime number?
False
Let q = -444 - -453. Let m(h) = 54*h**2 + 21*h - 236. Is m(q) a prime number?
True
Let t(m) = 33*m**2 + 35*m + 88. Let o be t(-22). Let b = o + 3641. Is b prime?
False
Suppose -7*z = 2*b - 662625, -28*z - 3*b - 94664 = -29*z. Is z prime?
False
Let z(x) = -2*x**3 - 9*x**2 - 5*x - 47. Let m be z(-9). Suppose 0 = -4*c - n + 890, -3*c + 3*n + m = 52. Is c a composite number?
False
Let d = -5058 + 7673. Is d a prime number?
False
Suppose t + 2*t = 1353. Suppose -3*f + d + 356 = -t, -2*f - 3*d = -527. Suppose -y + f = -5*k, k + 727 - 200 = 2*y. Is y a prime number?
True
Let f(n) be the second derivative of 5*n**4/6 - 5*n**3/2 + 4*n. Let c be f(13). Suppose 5725 + c = 4*u + 4*o, -3*u + 5411 = 2*o. Is u a composite number?
False
Suppose -5*y - 86543 = -4*r, -3*r + 35*y = 32*y - 64914. Is r a prime number?
True
Let t(r) = 220*r**2 + r + 132213. Is t(0) a composite number?
True
Let x be (2 + -5 + -4)*(-20)/14. Is (-4)/(-8) + 70685/x a composite number?
False
Suppose 0*y - 4*l = -y + 31, 2*l = -2*y + 22. Let b(d) = 48*d + 48. Let g be b(y). Let s = g + -517. Is s prime?
True
Let f(g) = 49609*g + 66. Let q be f(6). Is q/27 + 5/(-3) - -2 a prime number?
True
Let z(m) be the first derivative of 326*m**3 + 4*m**2 + 13*m - 63. Is z(-4) a prime number?
True
Let d(s) = -7*s**3 + 13*s**2 + 106*s + 37. Is d(-16) prime?
True
Suppose 3*u - 7 = -24*m + 23*m, -2*u = -3*m + 10. Suppose -m*w + 2289 = -1187. Is w composite?
True
Suppose -p = 21 - 8. Let r(w) = -78*w - 37. Is r(p) prime?
True
Suppose 28 - 8 = 10*n. Is (27 - -958)*n/5 composite?
True
Let j = 485 - 475. Suppose x - 67199 = -j*x. Is x prime?
False
Suppose 2*v + 936 = 2*k, -k = 